{"id":26,"date":"2026-01-26T10:28:51","date_gmt":"2026-01-26T09:28:51","guid":{"rendered":"https:\/\/caroliia.fr\/?page_id=26"},"modified":"2026-03-01T20:35:59","modified_gmt":"2026-03-01T19:35:59","slug":"accueil","status":"publish","type":"page","link":"https:\/\/caroliia.fr\/","title":{"rendered":"Accueil"},"content":{"rendered":"\n<div style=\"height:80px\" aria-hidden=\"true\" class=\"wp-block-spacer\"><\/div>\n\n\n\n<h2 class=\"wp-block-heading has-text-align-center\">Caroliia, votre Assistante Administrative et Commerciale<\/h2>\n\n\n\n<div style=\"height:35px\" aria-hidden=\"true\" class=\"wp-block-spacer\"><\/div>\n\n\n\n<p class=\"has-text-align-left\">Bonjour ! Je m&#8217;appelle Caroline, et je suis une assistante administrative et commerciale ind\u00e9pendante sp\u00e9cialis\u00e9e dans le soutien des professionnels. Avec mon expertise, je peux vous offrir une assistance personnalis\u00e9e pour toutes vos t\u00e2ches administratives et commerciales.<\/p>\n\n\n\n<div class=\"wp-block-uagb-slider uagb-block-74aed48a uagb-slider-container\"><div class=\"uagb-slides uagb-swiper\"><div class=\"swiper-wrapper\">\n<div class=\"wp-block-uagb-slider-child uagb-slider-child-wrap swiper-slide uagb-block-33d573cf\"><div class=\"swiper-content\">\n<div class=\"wp-block-uagb-container uagb-block-8ed5d3ed alignfull uagb-is-root-container\"><div class=\"uagb-container-inner-blocks-wrap\">\n<div class=\"wp-block-uagb-info-box uagb-block-722d1cec uagb-infobox__content-wrap  uagb-infobox-icon-above-title uagb-infobox-image-valign-top\"><div class=\"uagb-ifb-content\"><div class=\"uagb-ifb-title-wrap\"><h3 class=\"uagb-ifb-title\">Prestations administratives<\/h3><\/div><p class=\"uagb-ifb-desc\">Lib\u00e9rez vous du temps pour vous concentrez sur l&#8217;essentiel, en me confiant votre organisation administrative.<\/p><div class=\"uagb-ifb-button-wrapper wp-block-button\"><a href=\"https:\/\/caroliia.fr\/index.php\/prestations-administratives\/\" class=\"uagb-infobox-cta-link wp-block-button__link\" target=\"_self\" rel=\"noopener noreferrer\" onclick=\"return true;\"><span class=\"uagb-inline-editing\">En savoir plus<\/span><\/a><\/div><\/div><\/div>\n<\/div><\/div>\n<\/div><\/div>\n\n\n\n<div class=\"wp-block-uagb-slider-child uagb-slider-child-wrap swiper-slide uagb-block-9f74ce28\"><div class=\"swiper-content\">\n<div class=\"wp-block-uagb-container uagb-block-e36d2937 alignfull uagb-is-root-container\"><div class=\"uagb-container-inner-blocks-wrap\">\n<div class=\"wp-block-uagb-info-box uagb-block-ababeee6 uagb-infobox__content-wrap  uagb-infobox-icon-above-title uagb-infobox-image-valign-top\"><div class=\"uagb-ifb-content\"><div class=\"uagb-ifb-title-wrap\"><h3 class=\"uagb-ifb-title\">Prestations commerciales<\/h3><\/div><p class=\"uagb-ifb-desc\">Gardez votre \u00e9nergie pour votre passion, en me laissant la gestion de votre d\u00e9veloppement commerciale.<\/p><div class=\"uagb-ifb-button-wrapper wp-block-button\"><a href=\"https:\/\/caroliia.fr\/index.php\/prestations-commerciales\/\" class=\"uagb-infobox-cta-link wp-block-button__link\" target=\"_self\" rel=\"noopener noreferrer\" onclick=\"return true;\"><span class=\"uagb-inline-editing\">En savoir plus<\/span><\/a><\/div><\/div><\/div>\n<\/div><\/div>\n<\/div><\/div>\n\n\n\n<div class=\"wp-block-uagb-slider-child uagb-slider-child-wrap swiper-slide uagb-block-439f884e\"><div class=\"swiper-content\">\n<div class=\"wp-block-uagb-container uagb-block-5bc47068 alignfull uagb-is-root-container\"><div class=\"uagb-container-inner-blocks-wrap\">\n<div class=\"wp-block-uagb-info-box uagb-block-6d62c28f uagb-infobox__content-wrap  uagb-infobox-icon-above-title uagb-infobox-image-valign-top\"><div class=\"uagb-ifb-content\"><div class=\"uagb-ifb-title-wrap\"><h3 class=\"uagb-ifb-title\">Tarifs<\/h3><\/div><p class=\"uagb-ifb-desc\">D\u00e9couvrez les offres tarifaires adaptez a vos besoins.<\/p><div class=\"uagb-ifb-button-wrapper wp-block-button\"><a href=\"https:\/\/caroliia.fr\/index.php\/tarifs\/\" class=\"uagb-infobox-cta-link wp-block-button__link\" target=\"_self\" rel=\"noopener noreferrer\" onclick=\"return true;\"><span class=\"uagb-inline-editing\">En savoir plus<\/span><\/a><\/div><\/div><\/div>\n<\/div><\/div>\n<\/div><\/div>\n<\/div><\/div><div class=\"swiper-pagination\"><\/div><div class=\"swiper-button-prev\"><\/div><div class=\"swiper-button-next\"><\/div><\/div>\n\n\n\n<p>Que ce soit la gestion de votre agenda, la r\u00e9daction de courriers professionnels, la pr\u00e9paration de documents ou la gestion de vos contacts clients, je suis l\u00e0 pour vous aider \u00e0 all\u00e9ger votre charge de travail et vous permettre de vous concentrer sur ce qui est vraiment important pour votre entreprise.<\/p>\n\n\n\n<p>Gr\u00e2ce \u00e0 mon exp\u00e9rience et ma polyvalence, je peux m&#8217;adapter \u00e0 vos besoins sp\u00e9cifiques et vous fournir un service de qualit\u00e9, efficace et professionnel. Je suis \u00e9galement disponible pour vous aider dans vos d\u00e9marches commerciales, telles que la prospection de nouveaux clients, la gestion des commandes et le suivi des paiements.<\/p>\n\n\n\n<p>Si vous cherchez une assistante administrative et commerciale ind\u00e9pendante de confiance, n&#8217;h\u00e9sitez pas \u00e0 me contacter. Je serai ravie de discuter de vos besoins et de vous proposer des solutions adapt\u00e9es \u00e0 votre activit\u00e9 professionnelle. Ensemble, nous pouvons faire de grandes choses !<\/p>\n\n\n\n<div class=\"wp-block-uagb-buttons uagb-buttons__outer-wrap uagb-btn__default-btn uagb-btn-tablet__default-btn uagb-btn-mobile__default-btn uagb-block-9fc9acf6\"><div class=\"uagb-buttons__wrap uagb-buttons-layout-wrap \">\n<div class=\"wp-block-uagb-buttons-child uagb-buttons__outer-wrap uagb-block-a0c20ea7 wp-block-button\"><div class=\"uagb-button__wrapper\"><a class=\"uagb-buttons-repeater wp-block-button__link\" aria-label=\"\" href=\"https:\/\/caroliia.fr\/index.php\/contact-caroliia\/\" rel=\"follow noopener\" target=\"_blank\" role=\"button\"><div class=\"uagb-button__link\">Contactez moi !<\/div><\/a><\/div><\/div>\n<\/div><\/div>\n\n\n\n<figure class=\"wp-block-image alignright size-large is-resized\"><a href=\"https:\/\/caroliia.fr\/index.php\/presentation\/\"><img loading=\"lazy\" decoding=\"async\" width=\"1024\" height=\"504\" src=\"http:\/\/caroliia.fr\/wp-content\/uploads\/2026\/02\/signature-tie-and-dye-1024x504.jpeg\" alt=\"Signature tie and dye bleu et violet\" class=\"wp-image-185\" style=\"aspect-ratio:2.031778185731468;width:311px;height:auto\" srcset=\"https:\/\/caroliia.fr\/wp-content\/uploads\/2026\/02\/signature-tie-and-dye-1024x504.jpeg 1024w, https:\/\/caroliia.fr\/wp-content\/uploads\/2026\/02\/signature-tie-and-dye-300x148.jpeg 300w, https:\/\/caroliia.fr\/wp-content\/uploads\/2026\/02\/signature-tie-and-dye-768x378.jpeg 768w, https:\/\/caroliia.fr\/wp-content\/uploads\/2026\/02\/signature-tie-and-dye-1536x755.jpeg 1536w, https:\/\/caroliia.fr\/wp-content\/uploads\/2026\/02\/signature-tie-and-dye.jpeg 1582w\" sizes=\"auto, (max-width: 1024px) 100vw, 1024px\" \/><\/a><\/figure>\n\n\n\n<p><\/p>\n","protected":false},"excerpt":{"rendered":"<p>Caroliia, votre Assistante Administrative et Commerciale Bonjour ! Je m&#8217;appelle Caroline, et je suis une assistante administrative et commerciale ind\u00e9pendante [&hellip;]<\/p>\n","protected":false},"author":2,"featured_media":0,"parent":0,"menu_order":0,"comment_status":"closed","ping_status":"closed","template":"","meta":{"_uag_custom_page_level_css":"","site-sidebar-layout":"default","site-content-layout":"","ast-site-content-layout":"default","site-content-style":"default","site-sidebar-style":"default","ast-global-header-display":"","ast-banner-title-visibility":"","ast-main-header-display":"","ast-hfb-above-header-display":"","ast-hfb-below-header-display":"","ast-hfb-mobile-header-display":"","site-post-title":"disabled","ast-breadcrumbs-content":"","ast-featured-img":"","footer-sml-layout":"","ast-disable-related-posts":"","theme-transparent-header-meta":"","adv-header-id-meta":"","stick-header-meta":"","header-above-stick-meta":"","header-main-stick-meta":"","header-below-stick-meta":"","astra-migrate-meta-layouts":"default","ast-page-background-enabled":"default","ast-page-background-meta":{"desktop":{"background-color":"var(--ast-global-color-5)","background-image":"","background-repeat":"repeat","background-position":"center center","background-size":"auto","background-attachment":"scroll","background-type":"","background-media":"","overlay-type":"","overlay-color":"","overlay-opacity":"","overlay-gradient":""},"tablet":{"background-color":"","background-image":"","background-repeat":"repeat","background-position":"center center","background-size":"auto","background-attachment":"scroll","background-type":"","background-media":"","overlay-type":"","overlay-color":"","overlay-opacity":"","overlay-gradient":""},"mobile":{"background-color":"","background-image":"","background-repeat":"repeat","background-position":"center center","background-size":"auto","background-attachment":"scroll","background-type":"","background-media":"","overlay-type":"","overlay-color":"","overlay-opacity":"","overlay-gradient":""}},"ast-content-background-meta":{"desktop":{"background-color":"var(--ast-global-color-4)","background-image":"","background-repeat":"repeat","background-position":"center center","background-size":"auto","background-attachment":"scroll","background-type":"","background-media":"","overlay-type":"","overlay-color":"","overlay-opacity":"","overlay-gradient":""},"tablet":{"background-color":"var(--ast-global-color-4)","background-image":"","background-repeat":"repeat","background-position":"center center","background-size":"auto","background-attachment":"scroll","background-type":"","background-media":"","overlay-type":"","overlay-color":"","overlay-opacity":"","overlay-gradient":""},"mobile":{"background-color":"var(--ast-global-color-4)","background-image":"","background-repeat":"repeat","background-position":"center center","background-size":"auto","background-attachment":"scroll","background-type":"","background-media":"","overlay-type":"","overlay-color":"","overlay-opacity":"","overlay-gradient":""}},"footnotes":""},"class_list":["post-26","page","type-page","status-publish","hentry"],"yoast_head":"<!-- This site is optimized with the Yoast SEO plugin v27.0 - https:\/\/yoast.com\/product\/yoast-seo-wordpress\/ -->\n<title>Accueil - Caroliia<\/title>\n<meta name=\"description\" content=\"Je m&#039;appelle Caroline, et je suis une assistante administrative et commerciale ind\u00e9pendante sp\u00e9cialis\u00e9e dans le soutien des professionnels.\" \/>\n<meta name=\"robots\" content=\"index, follow, max-snippet:-1, max-image-preview:large, max-video-preview:-1\" \/>\n<link rel=\"canonical\" href=\"https:\/\/caroliia.fr\/\" \/>\n<meta property=\"og:locale\" content=\"en_US\" \/>\n<meta property=\"og:type\" content=\"article\" \/>\n<meta property=\"og:title\" content=\"Accueil - Caroliia\" \/>\n<meta property=\"og:description\" content=\"Je m&#039;appelle Caroline, et je suis une assistante administrative et commerciale ind\u00e9pendante sp\u00e9cialis\u00e9e dans le soutien des professionnels.\" \/>\n<meta property=\"og:url\" content=\"https:\/\/caroliia.fr\/\" \/>\n<meta property=\"og:site_name\" content=\"Caroliia\" \/>\n<meta property=\"article:modified_time\" content=\"2026-03-01T19:35:59+00:00\" \/>\n<meta property=\"og:image\" content=\"https:\/\/caroliia.fr\/wp-content\/uploads\/2026\/02\/signature-tie-and-dye.jpeg\" \/>\n\t<meta property=\"og:image:width\" content=\"1582\" \/>\n\t<meta property=\"og:image:height\" content=\"778\" \/>\n\t<meta property=\"og:image:type\" content=\"image\/jpeg\" \/>\n<meta name=\"twitter:card\" content=\"summary_large_image\" \/>\n<meta name=\"twitter:label1\" content=\"Est. reading time\" \/>\n\t<meta name=\"twitter:data1\" content=\"2 minutes\" \/>\n<script type=\"application\/ld+json\" class=\"yoast-schema-graph\">{\"@context\":\"https:\/\/schema.org\",\"@graph\":[{\"@type\":\"WebPage\",\"@id\":\"https:\/\/caroliia.fr\/\",\"url\":\"https:\/\/caroliia.fr\/\",\"name\":\"Accueil - Caroliia\",\"isPartOf\":{\"@id\":\"https:\/\/caroliia.fr\/#website\"},\"primaryImageOfPage\":{\"@id\":\"https:\/\/caroliia.fr\/#primaryimage\"},\"image\":{\"@id\":\"https:\/\/caroliia.fr\/#primaryimage\"},\"thumbnailUrl\":\"http:\/\/caroliia.fr\/wp-content\/uploads\/2026\/02\/signature-tie-and-dye-1024x504.jpeg\",\"datePublished\":\"2026-01-26T09:28:51+00:00\",\"dateModified\":\"2026-03-01T19:35:59+00:00\",\"description\":\"Je m'appelle Caroline, et je suis une assistante administrative et commerciale ind\u00e9pendante sp\u00e9cialis\u00e9e dans le soutien des professionnels.\",\"breadcrumb\":{\"@id\":\"https:\/\/caroliia.fr\/#breadcrumb\"},\"inLanguage\":\"en-US\",\"potentialAction\":[{\"@type\":\"ReadAction\",\"target\":[\"https:\/\/caroliia.fr\/\"]}]},{\"@type\":\"ImageObject\",\"inLanguage\":\"en-US\",\"@id\":\"https:\/\/caroliia.fr\/#primaryimage\",\"url\":\"https:\/\/caroliia.fr\/wp-content\/uploads\/2026\/02\/signature-tie-and-dye.jpeg\",\"contentUrl\":\"https:\/\/caroliia.fr\/wp-content\/uploads\/2026\/02\/signature-tie-and-dye.jpeg\",\"width\":1582,\"height\":778,\"caption\":\"Signature tie and dye bleu et violet\"},{\"@type\":\"BreadcrumbList\",\"@id\":\"https:\/\/caroliia.fr\/#breadcrumb\",\"itemListElement\":[{\"@type\":\"ListItem\",\"position\":1,\"name\":\"Accueil\",\"item\":\"https:\/\/caroliia.fr\/\"},{\"@type\":\"ListItem\",\"position\":2,\"name\":\"Accueil\"}]},{\"@type\":\"WebSite\",\"@id\":\"https:\/\/caroliia.fr\/#website\",\"url\":\"https:\/\/caroliia.fr\/\",\"name\":\"Caroliia\",\"description\":\"\",\"potentialAction\":[{\"@type\":\"SearchAction\",\"target\":{\"@type\":\"EntryPoint\",\"urlTemplate\":\"https:\/\/caroliia.fr\/?s={search_term_string}\"},\"query-input\":{\"@type\":\"PropertyValueSpecification\",\"valueRequired\":true,\"valueName\":\"search_term_string\"}}],\"inLanguage\":\"en-US\"}]}<\/script>\n<!-- \/ Yoast SEO plugin. -->","yoast_head_json":{"title":"Accueil - Caroliia","description":"Je m'appelle Caroline, et je suis une assistante administrative et commerciale ind\u00e9pendante sp\u00e9cialis\u00e9e dans le soutien des professionnels.","robots":{"index":"index","follow":"follow","max-snippet":"max-snippet:-1","max-image-preview":"max-image-preview:large","max-video-preview":"max-video-preview:-1"},"canonical":"https:\/\/caroliia.fr\/","og_locale":"en_US","og_type":"article","og_title":"Accueil - Caroliia","og_description":"Je m'appelle Caroline, et je suis une assistante administrative et commerciale ind\u00e9pendante sp\u00e9cialis\u00e9e dans le soutien des professionnels.","og_url":"https:\/\/caroliia.fr\/","og_site_name":"Caroliia","article_modified_time":"2026-03-01T19:35:59+00:00","og_image":[{"width":1582,"height":778,"url":"https:\/\/caroliia.fr\/wp-content\/uploads\/2026\/02\/signature-tie-and-dye.jpeg","type":"image\/jpeg"}],"twitter_card":"summary_large_image","twitter_misc":{"Est. reading time":"2 minutes"},"schema":{"@context":"https:\/\/schema.org","@graph":[{"@type":"WebPage","@id":"https:\/\/caroliia.fr\/","url":"https:\/\/caroliia.fr\/","name":"Accueil - Caroliia","isPartOf":{"@id":"https:\/\/caroliia.fr\/#website"},"primaryImageOfPage":{"@id":"https:\/\/caroliia.fr\/#primaryimage"},"image":{"@id":"https:\/\/caroliia.fr\/#primaryimage"},"thumbnailUrl":"http:\/\/caroliia.fr\/wp-content\/uploads\/2026\/02\/signature-tie-and-dye-1024x504.jpeg","datePublished":"2026-01-26T09:28:51+00:00","dateModified":"2026-03-01T19:35:59+00:00","description":"Je m'appelle Caroline, et je suis une assistante administrative et commerciale ind\u00e9pendante sp\u00e9cialis\u00e9e dans le soutien des professionnels.","breadcrumb":{"@id":"https:\/\/caroliia.fr\/#breadcrumb"},"inLanguage":"en-US","potentialAction":[{"@type":"ReadAction","target":["https:\/\/caroliia.fr\/"]}]},{"@type":"ImageObject","inLanguage":"en-US","@id":"https:\/\/caroliia.fr\/#primaryimage","url":"https:\/\/caroliia.fr\/wp-content\/uploads\/2026\/02\/signature-tie-and-dye.jpeg","contentUrl":"https:\/\/caroliia.fr\/wp-content\/uploads\/2026\/02\/signature-tie-and-dye.jpeg","width":1582,"height":778,"caption":"Signature tie and dye bleu et violet"},{"@type":"BreadcrumbList","@id":"https:\/\/caroliia.fr\/#breadcrumb","itemListElement":[{"@type":"ListItem","position":1,"name":"Accueil","item":"https:\/\/caroliia.fr\/"},{"@type":"ListItem","position":2,"name":"Accueil"}]},{"@type":"WebSite","@id":"https:\/\/caroliia.fr\/#website","url":"https:\/\/caroliia.fr\/","name":"Caroliia","description":"","potentialAction":[{"@type":"SearchAction","target":{"@type":"EntryPoint","urlTemplate":"https:\/\/caroliia.fr\/?s={search_term_string}"},"query-input":{"@type":"PropertyValueSpecification","valueRequired":true,"valueName":"search_term_string"}}],"inLanguage":"en-US"}]}},"uagb_featured_image_src":{"full":false,"thumbnail":false,"medium":false,"medium_large":false,"large":false,"1536x1536":false,"2048x2048":false},"uagb_author_info":{"display_name":"C\u00e9lia Marchand","author_link":"https:\/\/caroliia.fr\/index.php\/author\/celia\/"},"uagb_comment_info":0,"uagb_excerpt":"Caroliia, votre Assistante Administrative et Commerciale Bonjour ! Je m&#8217;appelle Caroline, et je suis une assistante administrative et commerciale ind\u00e9pendante [&hellip;]","_links":{"self":[{"href":"https:\/\/caroliia.fr\/index.php\/wp-json\/wp\/v2\/pages\/26","targetHints":{"allow":["GET"]}}],"collection":[{"href":"https:\/\/caroliia.fr\/index.php\/wp-json\/wp\/v2\/pages"}],"about":[{"href":"https:\/\/caroliia.fr\/index.php\/wp-json\/wp\/v2\/types\/page"}],"author":[{"embeddable":true,"href":"https:\/\/caroliia.fr\/index.php\/wp-json\/wp\/v2\/users\/2"}],"replies":[{"embeddable":true,"href":"https:\/\/caroliia.fr\/index.php\/wp-json\/wp\/v2\/comments?post=26"}],"version-history":[{"count":31,"href":"https:\/\/caroliia.fr\/index.php\/wp-json\/wp\/v2\/pages\/26\/revisions"}],"predecessor-version":[{"id":256,"href":"https:\/\/caroliia.fr\/index.php\/wp-json\/wp\/v2\/pages\/26\/revisions\/256"}],"wp:attachment":[{"href":"https:\/\/caroliia.fr\/index.php\/wp-json\/wp\/v2\/media?parent=26"}],"curies":[{"name":"wp","href":"https:\/\/api.w.org\/{rel}","templated":true}]}}